{"id":974,"date":"2024-03-20T16:52:31","date_gmt":"2024-03-20T15:52:31","guid":{"rendered":"https:\/\/hcorpus.com\/?page_id=974"},"modified":"2024-04-09T11:46:20","modified_gmt":"2024-04-09T09:46:20","slug":"nos-partenaires-2","status":"publish","type":"page","link":"https:\/\/hcorpus.com\/index.php\/nos-partenaires-2\/","title":{"rendered":"Nos partenaires"},"content":{"rendered":"\n<div class=\"wp-block-columns alignwide has-white-background-color has-background is-layout-flex wp-container-core-columns-is-layout-1 wp-block-columns-is-layout-flex\">\n<div class=\"wp-block-column is-vertically-aligned-top has-white-background-color has-background is-layout-flow wp-block-column-is-layout-flow\">\n<div class=\"wp-block-group is-layout-flow wp-block-group-is-layout-flow\">\n<figure class=\"wp-block-image aligncenter size-full\"><a href=\"https:\/\/www.francoallemand.com\/fr\/\" target=\"_blank\" rel=\"noreferrer noopener\"><img loading=\"lazy\" decoding=\"async\" width=\"321\" height=\"81\" src=\"https:\/\/hcorpus.com\/wp-content\/uploads\/2024\/03\/ahk-1.jpg\" alt=\"\" class=\"wp-image-944\" srcset=\"https:\/\/hcorpus.com\/wp-content\/uploads\/2024\/03\/ahk-1.jpg 321w, https:\/\/hcorpus.com\/wp-content\/uploads\/2024\/03\/ahk-1-300x76.jpg 300w\" sizes=\"(max-width: 321px) 100vw, 321px\" \/><\/a><\/figure>\n<\/div>\n<\/div>\n\n\n\n<div class=\"wp-block-column has-white-background-color has-background is-layout-flow wp-block-column-is-layout-flow\">\n<figure class=\"wp-block-image aligncenter size-full\"><a href=\"https:\/\/www.oc-t.com\/\" target=\"_blank\" rel=\"noreferrer noopener\"><img loading=\"lazy\" decoding=\"async\" width=\"234\" height=\"85\" src=\"https:\/\/hcorpus.com\/wp-content\/uploads\/2024\/03\/OCT-1.gif\" alt=\"\" class=\"wp-image-950\"\/><\/a><\/figure>\n<\/div>\n\n\n\n<div class=\"wp-block-column has-white-background-color has-background is-layout-flow wp-block-column-is-layout-flow\">\n<figure class=\"wp-block-image aligncenter size-full\"><a href=\"https:\/\/crystaleyet.com\/\" target=\"_blank\" rel=\"noreferrer noopener\"><img loading=\"lazy\" decoding=\"async\" width=\"138\" height=\"75\" src=\"https:\/\/hcorpus.com\/wp-content\/uploads\/2024\/03\/CET-1.png\" alt=\"\" class=\"wp-image-949\"\/><\/a><\/figure>\n<\/div>\n<\/div>\n\n\n\n<h2 class=\"has-primary-color has-text-color has-large-font-size wp-block-heading\"><a href=\"https:\/\/www.francoallemand.com\/fr\/\" data-type=\"URL\" data-id=\"https:\/\/www.francoallemand.com\/fr\/\" target=\"_blank\" rel=\"noreferrer noopener\">La Chambre Franco-Allemande de Commerce et d&rsquo;Industrie<\/a><\/h2>\n\n\n\n<p>La Chambre Franco-Allemande de Commerce et d&rsquo;Industrie (CFACI) accompagne les relations \u00e9conomiques franco-allemandes. Elle s&rsquo;engage pour un commerce bilat\u00e9ral solide, une coop\u00e9ration \u00e9conomique intensive et un dialogue continu entre la France et l&rsquo;Allemagne.<\/p>\n\n\n\n<p>Habeas Corpus Consulting est impliqu\u00e9 dans le bureau ex\u00e9cutif de la Commission des Ressources Humaines franco-allemand de la CFACI. Marc Brunstein y intervient \u00e9galement depuis de nombreuses ann\u00e9es au travers de l&rsquo;animation de s\u00e9minaires de formation et de l&rsquo;aide \u00e0 la constitution d&rsquo;\u00e9quipes professionnelles.<\/p>\n\n\n\n<h2 class=\"has-primary-color has-text-color has-large-font-size wp-block-heading\"><a href=\"https:\/\/www.oc-t.com\/\" data-type=\"URL\" data-id=\"https:\/\/www.oc-t.com\/\" target=\"_blank\" rel=\"noreferrer noopener\">OC&amp;T<\/a><\/h2>\n\n\n\n<p>OC&amp;T mobilise&nbsp;un collectif de professionnels soud\u00e9s par l\u2019envie d&rsquo;apporter de la valeur au plus pr\u00e8s des enjeux et des objectifs de ses clients.&nbsp;<\/p>\n\n\n\n<p>Il est constitu\u00e9 de :&nbsp;<\/p>\n\n\n\n<p>1. O Consulting : cabinet de conseil en relation et exp\u00e9rience client, en performance op\u00e9rationnelle et commerciale et en strat\u00e9gie de distribution.<\/p>\n\n\n\n<p>2. O Training : organisme de formation et institut de coaching capable d&rsquo;actionner des leviers collectifs et individuels de d\u00e9veloppement du capital humain.<\/p>\n\n\n\n<p>OC&amp;T et Habeas Corpus Consulting proposent des offres conjointes dans le conseil et la formation.<\/p>\n\n\n\n<h2 class=\"has-primary-color has-text-color has-large-font-size wp-block-heading\"><a href=\"https:\/\/crystaleyet.com\/\" data-type=\"URL\" data-id=\"https:\/\/crystaleyet.com\/\" target=\"_blank\" rel=\"noreferrer noopener\">Cristal EYE Technologies<\/a><\/h2>\n\n\n\n<p>Cristal Eye Technologies fournissent des prestations de conseil dans les technologies de l&rsquo;information qui favorisent la croissance, l&rsquo;efficacit\u00e9 et la r\u00e9silience. Ils contribuent au succ\u00e8s de leurs clients en alignant technologies de l&rsquo;information avec leurs objectifs strat\u00e9giques, en optimisant les processus, en g\u00e9rant les risques et en faisant de la technologie un atout strat\u00e9gique.<\/p>\n\n\n\n<p>En partenariat avec Habeas Corpus Consulting, l&rsquo;objectif est de permettre \u00e0 des entreprises am\u00e9ricaines d\u2019optimiser leur d\u00e9veloppement en Europe et \u00e0 l&rsquo;inverse des entreprises europ\u00e9ennes \u00e0 se d\u00e9velopper \u00e0 l&rsquo;international, en particulier dans le secteur des technologies de l\u2019information et des t\u00e9l\u00e9communications.<\/p>\n","protected":false},"excerpt":{"rendered":"<p>La Chambre Franco-Allemande de Commerce et d&rsquo;Industrie La Chambre Franco-Allemande de Commerce et d&rsquo;Industrie (CFACI) accompagne les relations \u00e9conomiques franco-allemandes. Elle s&rsquo;engage pour un commerce bilat\u00e9ral solide, une coop\u00e9ration \u00e9conomique intensive et un dialogue continu entre la France et l&rsquo;Allemagne. Habeas Corpus Consulting est impliqu\u00e9 dans le bureau ex\u00e9cutif de la Commission des Ressources Humaines [&hellip;]<\/p>\n","protected":false},"author":1,"featured_media":0,"parent":0,"menu_order":0,"comment_status":"closed","ping_status":"closed","template":"templates\/template-full-width.php","meta":{"footnotes":""},"_links":{"self":[{"href":"https:\/\/hcorpus.com\/index.php\/wp-json\/wp\/v2\/pages\/974"}],"collection":[{"href":"https:\/\/hcorpus.com\/index.php\/wp-json\/wp\/v2\/pages"}],"about":[{"href":"https:\/\/hcorpus.com\/index.php\/wp-json\/wp\/v2\/types\/page"}],"author":[{"embeddable":true,"href":"https:\/\/hcorpus.com\/index.php\/wp-json\/wp\/v2\/users\/1"}],"replies":[{"embeddable":true,"href":"https:\/\/hcorpus.com\/index.php\/wp-json\/wp\/v2\/comments?post=974"}],"version-history":[{"count":6,"href":"https:\/\/hcorpus.com\/index.php\/wp-json\/wp\/v2\/pages\/974\/revisions"}],"predecessor-version":[{"id":1124,"href":"https:\/\/hcorpus.com\/index.php\/wp-json\/wp\/v2\/pages\/974\/revisions\/1124"}],"wp:attachment":[{"href":"https:\/\/hcorpus.com\/index.php\/wp-json\/wp\/v2\/media?parent=974"}],"curies":[{"name":"wp","href":"https:\/\/api.w.org\/{rel}","templated":true}]}}